7 - 80 + l**2 + 165 + l**2. Calculate w(-7).
1
Let q(k) be the third derivative of -k**5/30 - k**4/8 + 7*k**3/6 - 3*k**2 - 168. Calculate q(2).
-7
Let v = -123 + 113. Let c be 5 + 1 + v + 0. Let k(f) = 4*f - 7 - 8*f + 4 - f**2. What is k(c)?
-3
Suppose 40 = -459*d + 467*d. Suppose -116 = -d*m - 136. Let i(f) = -f**2 - 3*f + 1. What is i(m)?
-3
Let w(j) = -4*j**2 - 19*j + 39. Let x(b) = 5*b**2 + 19*b - 39. Let m(u) = 4*w(u) + 3*x(u). Let q be m(-21). Let h(p) = -p**3 - 7*p**2 - 2*p - 1. Give h(q).
-31
Let d(f) = -303*f - 3027. Let k be d(-10). Let y(l) = l**3 - l**2 - 12*l + 14. What is y(k)?
-4
Suppose 4*h - 15025 = 3*b - 12, -h + 3*b = -3742. Let y(q) = h*q**2 + 6 - 8*q - 3756*q**2 - q. Give y(4).
-14
Let m(z) = 19538*z + 1 - 19517*z - 15*z**3 - 6*z**2 - 2 + 14*z**3 - 12*z**2. What is m(-19)?
-39
Suppose -478 - 16 = -10*n + 48*n. Let i(u) = -u**3 - 12*u**2 + 7*u - 2. Calculate i(n).
76
Let t(b) be the first derivative of b**4/24 + b**3/2 + 3*b**2/2 + 19*b - 79. Let k(n) be the second derivative of t(n). Give k(-4).
-1
Let t be (56/(-7))/(3/(-15)). Let l(r) = -86 + t + 4*r + 40. Give l(2).
2
Let g = -18468 + 18468. Let r(t) be the first derivative of t**3/3 + t**2/2 - 17*t + 1. Calculate r(g).
-17
Let r(n) = 46727*n - 39 + 46741*n - 93456*n. Give r(4).
9
Suppose 0 = -53*c - 49*c - 185*c. Let p(x) be the second derivative of x**3/2 - x**2/2 + 2*x. What is p(c)?
-1
Let p(o) = -o**3 - 24*o**2 - 90*o + 93. Let q be p(-19). Let u(a) = 0*a - a - 2 - 15 + 0*a. Let d(c) = 3*c + 52. Let r(k) = q*d(k) - 7*u(k). Give r(-7).
8
Let t(q) be the second derivative of -q**4/12 + 2*q**3 - q**2/2 - 465*q - 1. Calculate t(12).
-1
Let u(t) = t**3 + 23*t**2 + 21*t - 15. Let q(p) = -5*p**3 + 21*p**2 - 25*p - 1. Let y be q(3). Calculate u(y).
7
Suppose 0 = -t + s + 5, 2*s - 3 = -2*t + 3. Let h be 38/6 - (33/(-9) + t). Let k(o) = -4*o + 1. Calculate k(h).
-23
Let z(a) = -a**2 - a. Let x(v) = -12*v + 9*v + 16 + 10*v. Let u be x(-12). Let t = -68 - u. What is z(t)?
0
Let t(d) be the second derivative of -d**6/360 - 7*d**5/120 - d**4/12 + d**3/2 - 17*d**2/2 + 52*d. Let f(o) be the second derivative of t(o). Determine f(-7).
-2
Suppose y = 4*y - 3*h - 30, 2*h + 8 = y. Suppose 26 = 7*s + y. Let b(t) = 3*t - 2*t**2 + 6*t**s - 4*t. Determine b(2).
14
Let r(s) = -s**3 + s. Let o(c) = -c**3 - 3*c**2 - 6*c + 6. Suppose 5*a = 39 - 44. Let k(f) = a*o(f) + 2*r(f). Give k(5).
-16
Let q be (-1)/(-2) + ((-60)/(-8) - -2). Suppose 0 = -q*p - 14 + 54. Suppose 2*d + 3*d = -2*l + 3, -2*l = p*d - 2. Let o(i) = 5*i**2 - 1. What is o(l)?
4
Suppose d - 4*h - 4 = 0, 0*d + 5*h + 4 = d. Suppose 0 = -n + d. Let q(a) = 2*a**3 - 3*a**3 + 10*a**2 + 469 - 939 + 471 - 6*a**2. Give q(n).
1
Suppose 2*f = -66 + 98. Suppose -3*b = 2*c - 46, 0 = -2*b + 4*c + 68 - f. Suppose b*a = 17*a - 2. Let x(h) = 2*h**3 - 4*h**2 - 4*h - 2. Determine x(a).
-26
Let w(q) be the first derivative of -q**3/3 - 5*q**2 - 4*q + 1. Let a = -13692 - -13684. Calculate w(a).
12
Let q(k) = 6*k - 82. Let j(b) = -6*b + 80. Let m(g) = -2*j(g) - 3*q(g). Let r be m(16). Let f(o) = o**2 + 11*o + 15. What is f(r)?
5
Let w(t) = -2*t**3 + 20*t**2 + 5*t - 21. Suppose -196 = -27*j + 74. Determine w(j).
29
Let i(m) = m**3 - 3*m**2 + m + 3. Suppose 20*z - 25*z - 55 = 0. Let a(r) = -r**3 - 9*r**2 + 21*r - 11. Let v be a(z). What is i(v)?
3
Let h = -8366 - -8383. Let j(w) = 9*w - 156. Give j(h).
-3
Let w(x) = 82*x**2 + 18*x - 49. Let b(j) = 73*j**2 + 16*j - 44. Let p(r) = 9*b(r) - 8*w(r). Let s be 25/6 - 2/12. Give p(s).
12
Let g(p) be the first derivative of 7*p**2/2 + 6*p - 3509. Calculate g(-7).
-43
Let f(z) = -z**3 + 20*z**2 - 100. Let i(o) = o**3 - 21*o**2 + o + 110. Let v(t) = 5*f(t) + 4*i(t). What is v(16)?
4
Let y(a) be the second derivative of 0*a**2 + 7/120*a**5 - 1/360*a**6 + 0 - 1/24*a**4 + 23/6*a**3 - 26*a. Let z(o) be the second derivative of y(o). Give z(7).
-1
Let n(d) = 33*d + 3 + 28*d + 27*d + 37*d - 140*d - d**2 + 10. Let r(i) = i - 9. Let k be r(-7). Determine n(k).
-3
Let z(y) = -336*y**2 + 2*y + y + 31 + 573*y**2 - 238*y**2. Calculate z(8).
-9
Let x be 32357/95 - (-2 - 8/(-5)). Let d = -335 + x. Let r(o) = 7*o + 1. Calculate r(d).
43
Let r(d) = 13*d + d**2 - 235*d + 230*d + 14. Calculate r(-11).
47
Let s(q) = 3*q + 2 - 1 - q**2 + 3*q. Suppose u = -2*g + 66, -g = u + 2*u - 43. Let t = g - 26. Give s(t).
6
Suppose 24*c - 2 = 23*c. Let n(u) = -u - c*u + 4*u - 3*u + 7*u. Give n(3).
15
Let m(p) = 199*p - 6 - 197*p + 0*p**2 - p**2 - 6*p**3. Let i(q) = -4*q**3 - q**2 + q - 4. Let r(c) = -8*i(c) + 5*m(c). What is r(-2)?
-6
Let n = -123 + 243. Let i = 124 - n. Let d(a) = -a**3 + 5*a**2 - a - 5. Calculate d(i).
7
Let z(v) = v**2 - 4*v - 21. Suppose 0 = -3*h - 4*b - 7 + 12, -5*h + 4*b + 51 = 0. Give z(h).
0
Suppose o - 5*v - 18 = -8*v, 3*o - 29 = -4*v. Suppose o*r - 2*f = 30, 3*r + 3*f - 28 = 2. Let a(w) = -2*w + 10. Calculate a(r).
-10
Let n(t) = -t**3 + 2*t**2 + 2*t + 1. Let x = 3092 - 3094. Determine n(x).
13
Let h(k) be the second derivative of -k**4/6 - 47*k**3/6 + 12*k**2 - 602*k. Determine h(-24).
0
Let w(j) = 3*j - 27 + 2*j - 4*j + 4. Calculate w(6).
-17
Let m(w) = 3*w**2 + 6*w + 2. Let j(u) = 4*u + 1. Let k be j(2). Suppose 24 = -21*c + k*c. Determine m(c).
2
Suppose 1233290*k = 1233330*k - 80. Let z(u) = 15*u**2 + 9*u + 3. Let d(n) = 22*n**2 + 13*n + 4. Let j(l) = 5*d(l) - 7*z(l). Determine j(k).
23
Let y(d) = 171 + 3*d**3 - 173 - 2*d**3 - 64*d - 21*d + 22*d - 2*d**2. Calculate y(-7).
-2
Let n(f) = f - 2. Suppose 2*z + 136 = 4*q + 4*z, -2*z + 172 = 5*q. Let j = -30 + q. Suppose 2*b - 3*r - j = 6*b, 0 = -2*r + 4. Determine n(b).
-5
Let n(u) be the third derivative of -4*u - 7/24*u**4 + 0 + 1/60*u**5 + 11*u**2 + 5/2*u**3. What is n(6)?
9
Let g(q) = -q**3 + q**2 + q + 2. Let h = 2248 - 2246. Give g(h).
0
Let a(v) = -20*v**2 + 50*v + 82. Let s(k) = -9*k**2 + 25*k + 41. Let x(r) = -5*a(r) + 11*s(r). Calculate x(-22).
-25
Suppose -3*f + 127 = 6*i - 65, 3*i = f + 91. Let a(j) = j**3 - 35*j**2 + 125*j - 32. Give a(i).
-1
Let k(w) be the first derivative of 109*w**3/3 - w**2/2 + 2*w + 8980. Give k(1).
110
Let q(a) = a**3 + 4*a**2 - a - 4. Let t = 32 + -29. Suppose -5*n + 29 = 3*r, 0 = t*r - 0*n + 4*n - 25. Suppose r*h + 9 = -c, -c = -6*c. Calculate q(h).
8
Let o(a) = -2*a**3 + 14*a**2 + 4*a + 3. Let n(j) = 5*j**3 - 31*j**2 - 9*j - 7. Let i(r) = -4*n(r) - 9*o(r). What is i(1)?
-3
Let v(g) be the second derivative of -g**3/3 + 2*g**2 + 2*g. Suppose 0 = -n + b + 4, 11*b - 169 = 5*n + 33*b. Calculate v(n).
10
Let l(n) = 6*n**2 - 1. Let d(g) = -g**3 + 6*g**2 + 7*g + 2. Let o(q) = -q**2 + q + 7. Let z be o(0). Let w be d(z). Suppose -w*m + 3 = m. Calculate l(m).
5
Let t = -16367 - -16364. Let r(g) = g**3 + 2*g**2 - 13*g + 3. What is r(t)?
33
Let a(n) = -8*n**3 + 9*n - 6. Let r(b) = 3*b**3 - 3*b + 2. Suppose 0 = -2*i - i - 33. Suppose 13*m + 160 = -27*m. Let s(z) = i*r(z) + m*a(z). Give s(2).
-12
Suppose -11*v = -12*v - 3*x + 14, 97 = 3*v - 2*x. Let i(y) = 3*y - 91. Determine i(v).
-4
Let c(z) = -z + 8. Suppose 3*w = 2*j - 28, -w - 19 = -j - 6. Suppose -5*i = -3*s + 53, s + 0*s + i = 23. Suppose -j*f + s = -8*f. Determine c(f).
1
Let o(w) be the third derivative of -w**5/60 - w**4/6 + w**3/3 + 3*w**2. Suppose -g + 3*z = -3*g + 66, 5*z - 58 = -2*g. Let r = g - 44. Give o(r).
-3
Let h(f) = -75*f**2 - 2*f + 3. Let r = 2863 + -2862. Determine h(r).
-74
Let s be (-3)/(-3) - (-2)/2. Let m(b) = 2*b + 5*b**2 + 2*b + s - 6*b**2. Suppose -285*i = 602 - 1088 - 654. What is m(i)?
2
Let r = -45 - -42. Let n(q) = q**3 - 5*q**2 + 2*q - 6. Let p be n(5). Let k(b) = -12*b**2 + p*b**2 + 1 + 10*b**2. Give k(r).
19
Let v = 3802 + -3802. Let r(x) be the second derivative of 1/12*x**4 - 6*x + v + 3*x**2 - x**3. Calculate r(5).
1
Let t(w) = -21*w + 2 + 2*w + 6*w + 7*w + 4*w. Let u(b) = 2*b - 7. Let f be u(7). Let k = f - 5. What is t(k)?
-2
Let a(m) be the second derivative of -m**6/360 + 3*m**5/40 + m**4/6 + 5*m**3 + 62*m. Let i(r) be the third derivative of a(r). Calculate i(6).
-3
Let a(x) = 4*x**3 + x**2 + x + 1. Suppose -29*q + 35 = 1195. Let m be 56/(-6) - 8/12. Let j be (1/(-4))/(m/q). Determine a(j).
-3
Let n(q) = q**2 + 4*q + 6. Let c = -18 + -18. Let u(v) = -v**3 + 21*v**2 + 3*v - 104. Let r be u(21). Let w = r - c. Calculate n(w).
11
Let y be 2 + -2